hat is l(-1)?
-15
Let i(r) = -44*r**2 + 2*r + 5. What is i(-2)?
-175
Let f(r) = 15*r - 281. Determine f(19).
4
Let y(w) = -2*w**2 + w + 17. Determine y(8).
-103
Let h(f) = f**2 - 149*f + 5424. Calculate h(68).
-84
Let q(p) = -p**3 - 9*p**2 + 16*p - 73. What is q(-11)?
-7
Let p(z) = 2*z + 395. Calculate p(35).
465
Let k(j) = -3*j**3 + 24*j**2 - 26*j - 51. Determine k(6).
9
Let a(f) = 47*f**3 + 2*f**2 - 3*f + 3. Calculate a(1).
49
Let z(u) = 20*u + 1453. Give z(-78).
-107
Let n(c) = 173*c**2 + 1368*c - 14. Determine n(-8).
114
Let f(n) = -5*n**2 + 352*n + 932. Calculate f(73).
-17
Let x(c) = 15*c - 142. Give x(-4).
-202
Let g(w) = -w**2 + 43*w + 1093. What is g(-18)?
-5
Let a(m) = m**3 - 34*m**2 + 184*m + 154. Give a(27).
19
Let p(b) = -2*b**2 - 32*b + 176. Give p(-20).
16
Let t(i) = i**3 - 12*i**2 - 108*i + 7. Give t(18).
7
Let z(m) = -m**3 - 6*m**2 - 24. Give z(-6).
-24
Let l(t) = -20*t**2 - 1479*t + 57. What is l(-74)?
-17
Let b(a) = 5*a**2 - 156*a - 239. Give b(32).
-111
Let g(w) = 6*w**3 - 18*w**2 + 4*w - 12. What is g(3)?
0
Let d(i) = 7014*i + 35073. Determine d(-5).
3
Let a(o) = -o**3 + 12*o**2 - 53*o + 154. Determine a(8).
-14
Let b(j) = j**2 - 332*j - 4118. Calculate b(-12).
10
Let i(b) = 9*b - 89. What is i(17)?
64
Let l(r) = -2*r**2 + 175*r - 678. Determine l(4).
-10
Let c(n) = -2*n**2 - 223*n - 1318. What is c(-6)?
-52
Let c(s) = -11*s + 37. What is c(5)?
-18
Let p(l) = -6*l - 166. What is p(-32)?
26
Let o(q) = 57*q - 3609. Determine o(63).
-18
Let k(i) = 38*i**2 + 1332*i + 93. What is k(-35)?
23
Let a(g) = -g**2 - 19*g + 7. Calculate a(8).
-209
Let o(m) = 62*m**2 - 869*m + 23. Calculate o(14).
9
Let o(d) = d**2 + 18*d + 123. What is o(0)?
123
Let m(k) = -k**3 + 9*k**2 - 29*k + 70. Calculate m(6).
4
Let a(s) = -3*s**2 + 26*s + 17. What is a(14)?
-207
Let r(b) = 198*b + 4099. Determine r(-21).
-59
Let q(w) = -3*w**3 - 19*w**2 - 23*w - 113. Calculate q(-6).
-11
Let b(r) = 5*r**3 + 612*r**2 - 367*r + 287. Give b(-123).
41
Let m(r) = 55*r - 1545. What is m(27)?
-60
Let s(n) = -1326*n + 10587. What is s(8)?
-21
Let p(w) = 911*w - 3687. Calculate p(4).
-43
Let y(z) = 74*z + 3483. What is y(-47)?
5
Let d(i) = i**2 + 180*i + 7899. Determine d(-76).
-5
Let h(s) = -3*s**2 - 81*s - 261. Calculate h(-3).
-45
Let i(t) = 2*t**2 + 39*t + 28. Determine i(-11).
-159
Let a(b) = -8*b**3 + 31*b**2 + b - 23. What is a(4)?
-35
Let h(p) = 43*p**2 - 3478*p - 386. Determine h(81).
19
Let n(v) = -400*v + 2642. What is n(6)?
242
Let y(r) = 13*r**2 + 13*r + 14. What is y(-3)?
92
Let c(x) = 2*x**2 + 137*x + 580. Determine c(-64).
4
Let q(k) = -k**2 + 32*k + 168. Calculate q(-5).
-17
Let w(r) = -5*r**3 + 24*r**2 - 36*r - 2. What is w(3)?
-29
Let o(g) = 2*g**3 + 12*g**2 - 34. Calculate o(-7).
-132
Let g(m) = 2*m**3 + 147*m**2 + 76*m + 13. Calculate g(-73).
-206
Let j(i) = -14*i - 385. Give j(-37).
133
Let p(j) = 3*j**2 - 7*j + 38. Give p(8).
174
Let n(g) = -g**3 - 3*g**2 + 7*g - 2. Calculate n(-4).
-14
Let y(l) = 4*l**2 - 684*l + 41. Give y(0).
41
Let y(z) = 331*z - 4963. What is y(15)?
2
Let o(w) = -2*w**3 - 151*w**2 - 57*w + 1300. Determine o(-75).
-50
Let t(d) = -2*d**3 - 56*d**2 - 328*d - 154. Give t(-20).
6
Let d(m) = -m**3 - 74*m**2 - 287*m - 25. What is d(-4)?
3
Let y(x) = -11*x**2 + 42*x - 11. Give y(6).
-155
Let n(s) = -11*s + 687. What is n(50)?
137
Let g(m) = -21*m - 193. Calculate g(-12).
59
Let b(h) = 111*h - 25777. Calculate b(232).
-25
Let o(v) = 136*v**2 + 2977*v - 318. Determine o(-22).
12
Let v(a) = a**3 - 74*a**2 + 1143*a + 50. Give v(52).
-2
Let i(t) = 2*t**3 - 249*t**2 - 121*t - 495. Calculate i(125).
5
Let q(j) = 14*j**3 - 167*j**2 - 9*j - 39. What is q(12)?
-3
Let z(u) = 7*u - 74. What is z(12)?
10
Let r(u) = -u**3 + 33*u**2 + 1893*u + 79. Calculate r(-30).
-11
Let l(r) = -r**3 + 9*r**2 + 28*r - 256. Give l(9).
-4
Let d(k) = -k**3 + 51*k**2 + 71*k - 979. What is d(52)?
9
Let q(d) = -13*d - 1430. Determine q(-109).
-13
Let l(b) = -b**3 - 2*b**2 + 289*b - 13. Calculate l(16).
3
Let z(g) = -4*g**2 + 96*g - 84. Give z(23).
8
Let b(c) = -23*c**2 + 83*c - 1. Determine b(3).
41
Let c(r) = -99*r**2 + 596*r - 9. Calculate c(6).
3
Let j(v) = v**3 - 12*v**2 + 29*v - 12. Determine j(8).
-36
Let g(k) = -27*k + 175. Give g(6).
13
Let x(d) = 4*d**2 + 252*d + 199. Calculate x(-62).
-49
Let d(z) = -3*z**3 - 42*z**2 - 74*z - 20. Give d(-12).
4
Let x(b) = -b**3 + 15*b**2 - 4*b + 59. What is x(15)?
-1
Let w(m) = -4*m + 88. Determine w(8).
56
Let t(p) = -24*p**2 + 119*p - 25. What is t(5)?
-30
Let v(u) = -109*u**2 - 24*u - 2. Calculate v(-2).
-390
Let v(d) = -d**3 - 39*d**2 + 273*d - 37. Determine v(-45).
-172
Let h(j) = 2*j**3 - 6*j**2 - 175*j - 19. Give h(11).
-8
Let j(l) = l**2 - 27*l - 245. What is j(31)?
-121
Let t(w) = -368*w - 3667. Calculate t(-10).
13
Let h(s) = 41*s - 1100. Determine h(26).
-34
Let k(q) = 3*q + 63. What is k(-12)?
27
Let o(j) = -10*j**2 + 1014*j - 399. Determine o(101).
5
Let g(x) = -417*x**2 + 38780*x + 80. What is g(93)?
-13
Let g(l) = l**3 - 26*l**2 - 64*l + 364. What is g(28)?
140
Let f(m) = 2*m**3 - 20*m + 21. Calculate f(6).
333
Let c(g) = 167*g + 1371. What is c(-8)?
35
Let v(h) = -h**3 + 12*h**2 - 6*h + 9. Give v(12).
-63
Let v(b) = -5*b**2 + 49*b - 8. What is v(15)?
-398
Let w(y) = 1096*y + 8769. Determine w(-8).
1
Let x(b) = -b**3 - 26*b**2 + 563*b + 93. What is x(-40)?
-27
Let f(i) = -77*i - 2929. Calculate f(-36).
-157
Let l(n) = 2*n**3 + 6*n**2 + 3*n - 11. Calculate l(-5).
-126
Let n(d) = 115*d - 226. Determine n(2).
4
Let w(o) = -o**3 - 83*o**2 - 144*o + 1425. Determine w(-81).
-33
Let y(k) = k**3 - 6*k**2 + 2*k - 38. Determine y(5).
-53
Let r(m) = m**3 - 27*m**2 + 69*m - 1064. Determine r(26).
54
Let x(f) = -3331*f - 33320. Calculate x(-10).
-10
Let u(y) = 14*y**2 - 106*y - 296. Determine u(-3).
148
Let j(x) = -8*x**2 - 168*x + 2. What is j(-21)?
2
Let o(w) = 139*w**2 - 3058*w - 17. What is o(22)?
-17
Let a(f) = -279*f - 2787. Give a(-10).
3
Let w(h) = -67*h - 288. Determine w(-6).
114
Let h(p) = -p**3 + 21*p**2 - 51*p - 81. Determine h(19).
-328
Let t(v) = 150*v + 1968. Give t(-13).
18
Let z(s) = -3697*s - 11108. Calculate z(-3).
-17
Let s(p) = 77*p - 281. Give s(4).
27
Let i(b) = -204*b - 1123. Give i(-7).
305
Let b(k) = -4*k**2 + 128*k + 16. Determine b(32).
16
Let m(j) = j**3 - 57*j**2 - 153*j + 2058. What is m(59)?
-7
Let m(v) = -3*v**3 - 13*v**2 + 71*v + 333. Give m(-4).
33
Let f(j) = 100*j - 590. Determine f(6).
10
Let q(z) = -46*z + 33. Give q(-7).
355
Let y(a) = -2*a**3 + 54*a**2 + 37*a + 527. Calculate y(28).
-5
Let f(o) = 2*o**2 - 108*o + 502. What is f(49)?
12
Let s(m) = -2*m**3 + 88*m**2 - 2*m + 106. Give s(44).
18
Let x(p) = p**3 - 2*p**2 + 6*p - 10. Determine x(4).
46
Let v(r) = -r + 10. Determine v(10).
0
Let i(l) = l**3 - 3*l**2 + 11*l - 45. Give i(4).
15
Let k(n) = n**2 + 79*n + 1463. Calculate k(-52).
59
Let l(g) = g**2 - 4*g - 112. Determine l(-9).
5
Let a(n) = 2*n**3 + 225*n**2 - 335*n + 807. Determine a(-114).
9
Let c(u) = 2*u**3 + 5*u**2 - 22*u - 24. Calculate c(-6).
-144
Let t(d) = 3454*d + 10376. Calculate t(-3).
14
Let n(y) = -24*y**2 + 25*y + 51. What is n(-2)?
-95
Let j(o) = -o**3 - 79*o**2 - 58*o + 1565. Calculate j(-78).
5
Let n(t) = t**3 - 32*t**2 + 160*t + 102. Determine n(7).
-3
Let w(r) = r**2 - 5*r - 366. Give w(21).
-30
Let x(g) = -69*g**3 - g**2 + 7*g - 7. Calculate x(1).
-70
Let c(w) = 114*w + 248. Give c(-2).
20
Let s(h) = -2*h**3 - 21*h**2 + 2*h + 25. What is s(-11)?
124
Let h(u) = -u**2 - 4*u + 797. Give h(-28).
125
Let g(b) = 18*b**2 - 234*b. Determine g(13).
0
Let y(k) = k**2 + 46*k + 49. Calculate y(-42).
-119
Let q(a) = 3*a**3 + 150*a - 311. Calculate q(2).
13
Let u(q) = -5*q**2 - 27*q - 10. Determine u(-4).
18
Let w(j) = 81*j - 272. Calculate w(3).
-29
Let h(k) = -k**3 - 12*k**2 - 24*k - 19. What is h(-10)?
21
Let a(j) = 13*j**3 + 2*j**2 - 12*j + 4. Determine a(2).
92
Let h(q) = 5*q**3 - 576*q**2 - 1652*q + 6. Determine h(118).
6
Let o(x) = 26*x + 127. Calculate o(-5).
-3
Let k(i) = i**2 - 5*i - 25. Determine k(4).
-29
Let z(r) = -7*r**2 - 157*r - 41. What is z(-23)?
-133
Let x(h) = h**2 + 33*h - 252. What is x(-39)?
-18
Let f(v) = -21*v + 75. Determine f(4).
-9
Let w(p) = -p**2 + 19*p - 44. What is w(15)?
16
Let v(b) = b**3 + 15*b**2 - 64*b - 753. Calculate v(-16).
15
L